{"id":562,"date":"2023-03-06T23:30:59","date_gmt":"2023-03-07T04:30:59","guid":{"rendered":"https:\/\/ginagarofalo.com\/sencia\/?post_type=product&#038;p=562"},"modified":"2023-05-02T16:43:04","modified_gmt":"2023-05-02T21:43:04","slug":"exfoliante-coco","status":"publish","type":"product","link":"https:\/\/ginagarofalo.com\/sencia\/product\/exfoliante-coco\/","title":{"rendered":"Exfoliante Coco"},"content":{"rendered":"","protected":false},"excerpt":{"rendered":"<p>Nuestro exfoliante de Coco es un producto de origen natural fabricado a partir de la c\u00e1scara de coco.<\/p>\n<p>Bajo nuestra filosof\u00eda de desarrollo sostenible y econom\u00eda circular, la compa\u00f1\u00eda recolecta la c\u00e1scara la cual anteriormente era manejada como desperdicio en la industria alimenticia generando contaminaci\u00f3n al medio ambiente. Actualmente, tenemos a partir de la c\u00e1scara de coco un producto con propiedades \u00fanicas, donde su \u00edndice de abrasividad lo hace ideal para formulaciones donde se requiera un buen grado de exfoliaci\u00f3n. Puede ser usado en productos faciales y\/o corporales, cumpliento con los requerimientos del mercado cosmetico a nivel nacional e internacional.<\/p>\n<p><html><br \/>\n<body><\/p>\n<style>\n       .divabrs {\n        background-color: #a8b835; \n        -webkit-box-shadow: inset -1px -4px 18px 0px rgba(0,0,0,0.33);\n        -moz-box-shadow: inset -1px -4px 18px 0px rgba(0,0,0,0.33);\n        box-shadow: inset -1px -4px 18px 0px rgba(0,0,0,0.33);\n    }\n    .abrs2{\n        color:#ffffff;\n        float: right;\n        padding-right: 8px;\n    }\n    .abrs2:before{\n        content: \" \u25bc\";\n        font-size: 10px;\n        margin-top: -10px;\n        color: #78bdc3;\n        position: absolute;\n        margin-left: -2px;<\/p>\n<p>    }\n    .abrs1{\n        background-color: #78bdc3;\n        border-radius: 25px;\n        display: inline-block;<\/p>\n<p>    }\n<\/style>\n<p><\/body><\/p>\n<div style=\"border: solid #fafafa 4px; border-radius: 25px; width: 100%;\" >\n<div class=\"divabrs\" style=\"background-color: #a8b835; width: 80%; border-radius: 25px;\">\n<div  class=\"abrs1\" style=\"width: 80%; margin: -1%;\"><span class=\"abrs2\">6<\/span><\/div>\n<div class=\"abrs2\" style=\"width: 10%;\">8<\/div>\n<\/div>\n<\/div>\n<p><\/p>\n<table>\n<tbody>\n<tr class=\"thsencia\">\n<td><span style=\"font-weight: 400;\">Referencia<\/span><\/td>\n<td><span style=\"font-weight: 400;\">25\/40<\/span><\/td>\n<td><span style=\"font-weight: 400;\">40\/60<\/span><\/td>\n<\/tr>\n<tr>\n<td><span style=\"font-weight: 400;\">Presentaci\u00f3n<\/span><\/td>\n<td><span style=\"font-weight: 400;\">Polvo granulado<\/span><\/td>\n<td><span style=\"font-weight: 400;\">Polvo granulado<\/span><\/td>\n<\/tr>\n<tr>\n<td><span style=\"font-weight: 400;\">\u00cdndice De Abrasividad<\/span><\/td>\n<td><span style=\"font-weight: 400;\">9<\/span><\/td>\n<td><span style=\"font-weight: 400;\">7<\/span><\/td>\n<\/tr>\n<tr>\n<td><span style=\"font-weight: 400;\">Color<\/span><\/td>\n<td><span style=\"font-weight: 400;\">Caf\u00e9 oscuro con part\u00edculas claras<\/span><\/td>\n<td><span style=\"font-weight: 400;\">Caf\u00e9 oscuro con part\u00edculas claras<\/span><\/td>\n<\/tr>\n<tr>\n<td><span style=\"font-weight: 400;\">Presentaci\u00f3n<\/span><\/td>\n<td><span style=\"font-weight: 400;\">Caja 20kg<\/span><\/td>\n<td><span style=\"font-weight: 400;\">Caja 20kg<\/span><\/td>\n<\/tr>\n<tr>\n<td><span style=\"font-weight: 400;\">INCI name<\/span><\/td>\n<td><span style=\"font-weight: 400;\">Cocos Nucifera Shell Powder<\/span><\/td>\n<td><span style=\"font-weight: 400;\">Cocos Nucifera Shell Powder<\/span><\/td>\n<\/tr>\n<\/tbody>\n<\/table>\n","protected":false},"featured_media":636,"template":"","meta":[],"product_cat":[15,33],"product_tag":[],"class_list":["post-562","product","type-product","status-publish","has-post-thumbnail","hentry","product_cat-uncategorized","product_cat-exfoliantes"],"lang":"es","translations":{"es":562,"en":818},"pll_sync_post":[],"_links":{"self":[{"href":"https:\/\/ginagarofalo.com\/sencia\/wp-json\/wp\/v2\/product\/562","targetHints":{"allow":["GET"]}}],"collection":[{"href":"https:\/\/ginagarofalo.com\/sencia\/wp-json\/wp\/v2\/product"}],"about":[{"href":"https:\/\/ginagarofalo.com\/sencia\/wp-json\/wp\/v2\/types\/product"}],"version-history":[{"count":5,"href":"https:\/\/ginagarofalo.com\/sencia\/wp-json\/wp\/v2\/product\/562\/revisions"}],"predecessor-version":[{"id":1187,"href":"https:\/\/ginagarofalo.com\/sencia\/wp-json\/wp\/v2\/product\/562\/revisions\/1187"}],"wp:featuredmedia":[{"embeddable":true,"href":"https:\/\/ginagarofalo.com\/sencia\/wp-json\/wp\/v2\/media\/636"}],"wp:attachment":[{"href":"https:\/\/ginagarofalo.com\/sencia\/wp-json\/wp\/v2\/media?parent=562"}],"wp:term":[{"taxonomy":"product_cat","embeddable":true,"href":"https:\/\/ginagarofalo.com\/sencia\/wp-json\/wp\/v2\/product_cat?post=562"},{"taxonomy":"product_tag","embeddable":true,"href":"https:\/\/ginagarofalo.com\/sencia\/wp-json\/wp\/v2\/product_tag?post=562"}],"curies":[{"name":"wp","href":"https:\/\/api.w.org\/{rel}","templated":true}]}}